{"id":2341,"date":"2015-11-19T18:28:59","date_gmt":"2015-11-19T18:28:59","guid":{"rendered":"http:\/\/dnx.es\/dnx\/?page_id=2341"},"modified":"2024-05-10T14:28:44","modified_gmt":"2024-05-10T12:28:44","slug":"como","status":"publish","type":"page","link":"https:\/\/dnx.es\/dnx\/como\/","title":{"rendered":"\u00bfY POR CUANTO?"},"content":{"rendered":"<h4><img loading=\"lazy\" decoding=\"async\" class=\"aligncenter size-full wp-image-3191\" src=\"http:\/\/dnx.es\/dnx\/wp-content\/uploads\/2015\/11\/Cuanto.jpg\" alt=\"\u00bfY Por Cu\u00e1nto?\" width=\"370\" height=\"144\" srcset=\"https:\/\/dnx.es\/dnx\/wp-content\/uploads\/2015\/11\/Cuanto.jpg 370w, https:\/\/dnx.es\/dnx\/wp-content\/uploads\/2015\/11\/Cuanto-300x117.jpg 300w\" sizes=\"(max-width: 370px) 100vw, 370px\" \/><div class=\"spacer\"><\/div><!-- .spacer (end) --><\/h4>\n<h4><span style=\"color: #1c9e16;\">POR MUCHO MENOS DE LO QUE TE IMAGINAS<\/span><\/h4>\n<div class=\"spacer\"><\/div><!-- .spacer (end) -->\n<p style=\"text-align: justify;\">Si has echado el c\u00e1lculo mental, te habr\u00e1s dado cuenta de que un departamento de inform\u00e1tica interno en tu empresa, tiene\u00a0un coste bastante\u00a0elevado, y quiz\u00e1s no tengas suficiente volumen de trabajo como para amortizarlo.<\/p>\n<p style=\"text-align: justify;\">Por eso, la forma m\u00e1s justa de cobrar por nuestros servicios, es por el tiempo que dedicamos a prest\u00e1rtelos. En DNX facturamos por hora de trabajo realizado.<\/p>\n<p style=\"text-align: justify;\">Partiendo de esa base, dependiendo del nivel de complejidad y especializaci\u00f3n que requiera el trabajo a realizar, cada hora de trabajo tienen un coste distinto.<\/p>\n<p style=\"text-align: justify;\">Obviamente, llegando a acuerdos sobre el volumen de horas de trabajo asegurado durante un per\u00edodo de tiempo, como un contrato de mantenimiento anual, te permitir\u00e1 acceder\u00a0a tarifas mucho m\u00e1s competitivas.<div class=\"spacer\"><\/div><!-- .spacer (end) -->\n<p style=\"text-align: justify;\">Cons\u00faltanos.<\/p>\n<div class=\"spacer\"><\/div><!-- .spacer (end) --><div class=\"spacer\"><\/div><!-- .spacer (end) -->\n","protected":false},"excerpt":{"rendered":"<p>POR MUCHO MENOS DE LO QUE TE IMAGINAS Si has echado el c\u00e1lculo mental, te habr\u00e1s dado cuenta de que un departamento de inform\u00e1tica interno en tu empresa, tiene\u00a0un coste bastante\u00a0elevado, y quiz\u00e1s no tengas suficiente volumen de trabajo como para amortizarlo. Por eso, la forma m\u00e1s justa de cobrar por nuestros servicios, es por el tiempo que dedicamos a&nbsp;<a href=\"https:\/\/dnx.es\/dnx\/como\/\" class=\"read-more\">Seguir leyendo<\/a><\/p>\n","protected":false},"author":2,"featured_media":0,"parent":0,"menu_order":0,"comment_status":"closed","ping_status":"closed","template":"page-fullwidth.php","meta":{"footnotes":""},"_links":{"self":[{"href":"https:\/\/dnx.es\/dnx\/wp-json\/wp\/v2\/pages\/2341"}],"collection":[{"href":"https:\/\/dnx.es\/dnx\/wp-json\/wp\/v2\/pages"}],"about":[{"href":"https:\/\/dnx.es\/dnx\/wp-json\/wp\/v2\/types\/page"}],"author":[{"embeddable":true,"href":"https:\/\/dnx.es\/dnx\/wp-json\/wp\/v2\/users\/2"}],"replies":[{"embeddable":true,"href":"https:\/\/dnx.es\/dnx\/wp-json\/wp\/v2\/comments?post=2341"}],"version-history":[{"count":23,"href":"https:\/\/dnx.es\/dnx\/wp-json\/wp\/v2\/pages\/2341\/revisions"}],"predecessor-version":[{"id":3286,"href":"https:\/\/dnx.es\/dnx\/wp-json\/wp\/v2\/pages\/2341\/revisions\/3286"}],"wp:attachment":[{"href":"https:\/\/dnx.es\/dnx\/wp-json\/wp\/v2\/media?parent=2341"}],"curies":[{"name":"wp","href":"https:\/\/api.w.org\/{rel}","templated":true}]}}