{"id":203,"date":"2016-01-01T09:45:02","date_gmt":"2016-01-01T07:45:02","guid":{"rendered":"http:\/\/dnx.es\/dnx\/"},"modified":"2016-03-04T20:36:18","modified_gmt":"2016-03-04T18:36:18","slug":"inicio","status":"publish","type":"page","link":"https:\/\/dnx.es\/dnx\/","title":{"rendered":"INICIO"},"content":{"rendered":"<div class=\"row \">\n<div class=\"content_box bg2 text1 \"><div class=\"clear\"><\/div><\/div><!-- .content_box (end) -->\n<div class=\"span4 \"><section class=\"lazy-load-box trigger effect-slideup \" data-delay=\"0\" data-speed=\"1200\" style=\"-webkit-transition: all 1200ms ease; -moz-transition: all 1200ms ease; -ms-transition: all 1200ms ease; -o-transition: all 1200ms ease; transition: all 1200ms ease;\">\n<h2 style=\"text-align: center;\"><span style=\"color: #1c9e16;\">\u00bfQUIENES SOMOS?<\/span><\/h2>\n<h6><img loading=\"lazy\" decoding=\"async\" class=\"aligncenter wp-image-3168 size-full\" src=\"http:\/\/dnx.es\/dnx\/wp-content\/uploads\/2016\/02\/Quienes.jpg\" alt=\"Quienes Somos\" width=\"370\" height=\"144\" srcset=\"https:\/\/dnx.es\/dnx\/wp-content\/uploads\/2016\/02\/Quienes.jpg 370w, https:\/\/dnx.es\/dnx\/wp-content\/uploads\/2016\/02\/Quienes-300x117.jpg 300w\" sizes=\"(max-width: 370px) 100vw, 370px\" \/><\/h6>\n<h4 style=\"text-align: center;\"><span style=\"color: #1c9e16;\">UN GRUPO DE PROFESIONALES CON AMPLIA\u00a0EXPERIENCIA EN LA INTEGRACI\u00d3N\u00a0DE TECNOLOG\u00cdA APLICADA A DIVERSOS SECTORES\u00a0PRODUCTIVOS<\/span><\/h4>\n<p style=\"text-align: justify;\">Somos unos apasionados de\u00a0nuestro trabajo. Con eso, te lo hemos dicho todo.<\/p>\n<p style=\"text-align: justify;\">Acumulamos un amplia\u00a0experiencia en el An\u00e1lisis, Dise\u00f1o, Integraci\u00f3n, Coordinaci\u00f3n, Implantaci\u00f3n y Mantenimiento de todo tipo de sistemas tecnol\u00f3gicos, especialmente inform\u00e1ticos.<\/p>\n<p style=\"text-align: justify;\">Colaboramos y prestamos\u00a0servicios a\u00a0empresas y profesionales\u00a0en sectores de la cadena productiva tan diversos como Cabeceras de Grupos de Inversi\u00f3n, Gesti\u00f3n de Patrimonios Inmobiliarios, Servicios Socio-Sanitarios, Centros\u00a0de Formaci\u00f3n, Institutos de Estudios, Constructoras, Fundaciones...<\/p>\n<p style=\"text-align: center;\"><a href=\"http:\/\/dnx.es\/dnx\/quienes-somos\" title=\"Seguir Leyendo\" class=\"btn btn-default btn-normal btn-inline \" target=\"_self\">Seguir Leyendo<\/a><!-- .btn --><div class=\"spacer\"><\/div><!-- .spacer (end) -->\n<\/section><\/div>\n<div class=\"span4 \"><section class=\"lazy-load-box trigger effect-slideup \" data-delay=\"600\" data-speed=\"1200\" style=\"-webkit-transition: all 1200ms ease; -moz-transition: all 1200ms ease; -ms-transition: all 1200ms ease; -o-transition: all 1200ms ease; transition: all 1200ms ease;\">\n<h2 style=\"text-align: center;\"><span style=\"color: #1c9e16;\">\u00bfQU\u00c9 HACEMOS?<\/span><\/h2>\n<h6><img loading=\"lazy\" decoding=\"async\" class=\"aligncenter size-full wp-image-3177\" src=\"http:\/\/dnx.es\/dnx\/wp-content\/uploads\/2016\/01\/Que-hacemos.jpg\" alt=\"\u00bfQu\u00e9 Hacemos?\" width=\"370\" height=\"144\" srcset=\"https:\/\/dnx.es\/dnx\/wp-content\/uploads\/2016\/01\/Que-hacemos.jpg 370w, https:\/\/dnx.es\/dnx\/wp-content\/uploads\/2016\/01\/Que-hacemos-300x117.jpg 300w\" sizes=\"(max-width: 370px) 100vw, 370px\" \/><\/h6>\n<h4 style=\"text-align: center;\"><span style=\"color: #1c9e16;\">PRESTAR TODOS LOS SERVICIOS DE UN DEPARTAMENTO DE INFORM\u00c1TICA, INTEGR\u00c1NDONOS COMPLETAMENTE EN LA\u00a0ESTRUCTURA DE TU EMPRESA<\/span><\/h4>\n<div class=\"spacer\"><\/div><!-- .spacer (end) -->\n<p style=\"text-align: justify;\">Aprovechar al m\u00e1ximo tu\u00a0inversi\u00f3n en tecnolog\u00edas, para que sean a unas potentes herramientas de trabajo, y que funcionen como y cuando deben, ayudando as\u00ed a tu empresa a ser m\u00e1s eficiente y rentable.<\/p>\n<p style=\"text-align: justify;\">Nos encargamos de que tus sistemas funcionen\u00a0con normalidad, monitorizando remotamente los equipos y servicios cr\u00edticos, asegurando su m\u00e1xima disponibilidad y \u00f3ptimo rendimiento.\u00a0Y cuando\u00a0surgen problemas, nos encargamos de gestionarlos y solucionarlos, de principio a fin, con la m\u00e1xima\u00a0agilidad\u00a0y fiabilidad.<\/p>\n<p style=\"text-align: justify;\">Ese es nuestro trabajo.<\/p>\n<p style=\"text-align: center;\"><div class=\"spacer\"><\/div><!-- .spacer (end) -->\n<p style=\"text-align: center;\"><a href=\"http:\/\/dnx.es\/dnx\/que-hacemos\/\" title=\"Seguir Leyendo\" class=\"btn btn-default btn-normal btn-inline \" target=\"_self\">Seguir Leyendo<\/a><!-- .btn -->\n<p>&nbsp;<\/p>\n<\/section><\/div>\n<div class=\"span4 \"><section class=\"lazy-load-box trigger effect-slideup \" data-delay=\"1200\" data-speed=\"1200\" style=\"-webkit-transition: all 1200ms ease; -moz-transition: all 1200ms ease; -ms-transition: all 1200ms ease; -o-transition: all 1200ms ease; transition: all 1200ms ease;\">\n<h2 style=\"text-align: center;\"><span style=\"color: #1c9e16;\">\u00bfPARA QUI\u00c9N?<\/span><\/h2>\n<h6><img loading=\"lazy\" decoding=\"async\" class=\"aligncenter size-full wp-image-3181\" src=\"http:\/\/dnx.es\/dnx\/wp-content\/uploads\/2015\/11\/Para-Quien.jpg\" alt=\"\u00bfPara Qui\u00e9n?\" width=\"370\" height=\"144\" srcset=\"https:\/\/dnx.es\/dnx\/wp-content\/uploads\/2015\/11\/Para-Quien.jpg 370w, https:\/\/dnx.es\/dnx\/wp-content\/uploads\/2015\/11\/Para-Quien-300x117.jpg 300w\" sizes=\"(max-width: 370px) 100vw, 370px\" \/><\/h6>\n<h4 style=\"text-align: center;\"><span style=\"color: #1c9e16;\">PARA PYMES, PROFESIONALES\u00a0Y USUARIOS RESIDENCIALES DE ALTO NIVEL<\/span><\/h4>\n<div class=\"spacer\"><\/div><!-- .spacer (end) --><div class=\"spacer\"><\/div><!-- .spacer (end) -->\n<p style=\"text-align: justify;\"><span style=\"text-align: justify;\">Te ofrecemos la posibilidad de disponer de tu propio departamento de inform\u00e1tica, \u00e1gil, flexible, actualizado y familiarizado en la utilizaci\u00f3n de las tecnolog\u00edas m\u00e1s avanzadas, para ayudarte a optimizar la comunicaci\u00f3n y los flujos de informaci\u00f3n en tu empresa.<\/span><\/p>\n<p style=\"text-align: justify;\">Y por supuesto, con el coste proporcional a la utilizaci\u00f3n que hagas del mismo.<\/p>\n<p style=\"text-align: justify;\">Olv\u00eddate de las tecnolog\u00edas, simplemente, \u00fasalas.<\/p>\n<p style=\"text-align: justify;\"><div class=\"spacer\"><\/div><!-- .spacer (end) --><div class=\"spacer\"><\/div><!-- .spacer (end) --><div class=\"spacer\"><\/div><!-- .spacer (end) --><div class=\"spacer\"><\/div><!-- .spacer (end) --><div class=\"spacer\"><\/div><!-- .spacer (end) -->\n<p style=\"text-align: center;\"><a href=\"http:\/\/dnx.es\/dnx\/para-quien\/\" title=\"Seguir Leyendo\" class=\"btn btn-default btn-normal btn-inline \" target=\"_self\">Seguir Leyendo<\/a><!-- .btn -->\n<p>&nbsp;<\/p>\n<\/section><\/div>\n<\/div><!-- .row (end) -->\n<div class=\"row \">\n<div class=\"span4 \"><section class=\"lazy-load-box trigger effect-slideup \" data-delay=\"200\" data-speed=\"1200\" style=\"-webkit-transition: all 1200ms ease; -moz-transition: all 1200ms ease; -ms-transition: all 1200ms ease; -o-transition: all 1200ms ease; transition: all 1200ms ease;\">\n<h2 style=\"text-align: center;\"><span style=\"color: #1c9e16;\">\u00bfC\u00d3MO?<\/span><\/h2>\n<h6><img loading=\"lazy\" decoding=\"async\" class=\"aligncenter size-full wp-image-3197\" src=\"http:\/\/dnx.es\/dnx\/wp-content\/uploads\/2015\/11\/Como.jpg\" alt=\"\u00bfC\u00f3mo?\" width=\"370\" height=\"144\" srcset=\"https:\/\/dnx.es\/dnx\/wp-content\/uploads\/2015\/11\/Como.jpg 370w, https:\/\/dnx.es\/dnx\/wp-content\/uploads\/2015\/11\/Como-300x117.jpg 300w\" sizes=\"(max-width: 370px) 100vw, 370px\" \/><\/h6>\n<h4 style=\"text-align: center;\"><span style=\"color: #1c9e16;\">CON EMPAT\u00cdA, COMUNICACI\u00d3N, CONFIANZA, PLANIFICACI\u00d3N, TRABAJO E INTEGRIDAD<\/span><\/h4>\n<p style=\"text-align: justify;\">Empat\u00eda, para ponernos en tu lugar, y con nuestros conocimientos sobre tecnolog\u00eda, colaborar contigo para conseguir que tu empresa\u00a0sea\u00a0m\u00e1s \u00e1gil, eficiente y rentable.<\/p>\n<p style=\"text-align: justify;\">Comunicaci\u00f3n, escuchando con atenci\u00f3n tus necesidades y explic\u00e1ndote en un lenguaje com\u00fan, qu\u00e9 tecnolog\u00edas puedes aplicar para satisfacerlas.<\/p>\n<p style=\"text-align: justify;\">Confianza, esencial en cualquier relaci\u00f3n humana. Hablamos claro con nuestros clientes, sin rodeos ni dobleces.\u00a0Valoramos tu tiempo.<\/p>\n<div class=\"spacer\"><\/div><!-- .spacer (end) -->\n<p style=\"text-align: center;\"><a href=\"http:\/\/dnx.es\/dnx\/como-2\/\" title=\"Seguir Leyendo\" class=\"btn btn-default btn-normal btn-inline \" target=\"_self\">Seguir Leyendo<\/a><!-- .btn -->\n<\/section><\/div>\n<div class=\"span4 \"><section class=\"lazy-load-box trigger effect-slideup \" data-delay=\"1300\" data-speed=\"1200\" style=\"-webkit-transition: all 1200ms ease; -moz-transition: all 1200ms ease; -ms-transition: all 1200ms ease; -o-transition: all 1200ms ease; transition: all 1200ms ease;\">\n<h2 style=\"text-align: center;\"><span style=\"color: #1c9e16;\">\u00bfCUANDO?<\/span><\/h2>\n<h6><img loading=\"lazy\" decoding=\"async\" class=\"aligncenter size-full wp-image-3184\" src=\"http:\/\/dnx.es\/dnx\/wp-content\/uploads\/2016\/01\/Cuando.jpg\" alt=\"\u00bfCu\u00e1ndo?\" width=\"370\" height=\"144\" srcset=\"https:\/\/dnx.es\/dnx\/wp-content\/uploads\/2016\/01\/Cuando.jpg 370w, https:\/\/dnx.es\/dnx\/wp-content\/uploads\/2016\/01\/Cuando-300x117.jpg 300w\" sizes=\"(max-width: 370px) 100vw, 370px\" \/><\/h6>\n<h4 style=\"text-align: center;\"><span style=\"color: #1c9e16;\">SIEMPRE QUE NOS NECESITES<\/span><\/h4>\n<div class=\"spacer\"><\/div><!-- .spacer (end) --><div class=\"spacer\"><\/div><!-- .spacer (end) -->\n<p style=\"text-align: justify;\">Somos muy conscientes de la importancia de la estabilidad de tus\u00a0sistemas inform\u00e1ticos para el correcto funcionamiento de tu negocio.<\/p>\n<p style=\"text-align: justify;\">Nuestro horario de atenci\u00f3n es de Lunes a Viernes, de 08:00 a 19:00, ininterrumpidamente.<\/p>\n<p style=\"text-align: justify;\">Opcionalmente, este horario se puede ampliar para clientes con equipamiento cr\u00edtico y\/o con necesidades de atenci\u00f3n en horarios espec\u00edficos.<\/p>\n<p style=\"text-align: justify;\">Puedes contar con nosotros, siempre que nos necesites.<\/p>\n<div class=\"spacer\"><\/div><!-- .spacer (end) -->\n<p style=\"text-align: center;\"><a href=\"http:\/\/dnx.es\/dnx\/cuando\/\" title=\"Seguir Leyendo\" class=\"btn btn-default btn-normal btn-inline \" target=\"_self\">Seguir Leyendo<\/a><!-- .btn -->\n<p>&nbsp;<\/p>\n<\/section><\/div>\n<div class=\"span4 \"><section class=\"lazy-load-box trigger effect-slideup \" data-delay=\"2400\" data-speed=\"1200\" style=\"-webkit-transition: all 1200ms ease; -moz-transition: all 1200ms ease; -ms-transition: all 1200ms ease; -o-transition: all 1200ms ease; transition: all 1200ms ease;\">\n<h2 style=\"text-align: center;\"><span style=\"color: #1c9e16;\">\u00bfD\u00d3NDE?<\/span><\/h2>\n<h6><img loading=\"lazy\" decoding=\"async\" class=\"aligncenter size-full wp-image-3174\" src=\"http:\/\/dnx.es\/dnx\/wp-content\/uploads\/2015\/11\/Donde.jpg\" alt=\"Donde\" width=\"370\" height=\"144\" srcset=\"https:\/\/dnx.es\/dnx\/wp-content\/uploads\/2015\/11\/Donde.jpg 370w, https:\/\/dnx.es\/dnx\/wp-content\/uploads\/2015\/11\/Donde-300x117.jpg 300w\" sizes=\"(max-width: 370px) 100vw, 370px\" \/><\/h6>\n<h4 style=\"text-align: center;\"><span style=\"color: #1c9e16;\">DONDE TE HAGA FALTA<\/span><\/h4>\n<div class=\"spacer\"><\/div><!-- .spacer (end) --><div class=\"spacer\"><\/div><!-- .spacer (end) -->\n<p style=\"text-align: justify;\">Nuestra oficina est\u00e1 situada en la zona noroeste de Madrid, a 12 km del centro.<\/p>\n<p style=\"text-align: justify;\">Ofrecemos servicios de soporte presencial\u00a0en toda la Comunidad de Madrid y si fuera necesario, en toda Espa\u00f1a.\u00a0Prestamos servicios a\u00a0empresas y profesionales\u00a0que disponen de varias sedes, repartidas por todo el territorio nacional.<\/p>\n<p style=\"text-align: justify;\">Mediante sistemas de acceso remoto, podemos ofrecerte tiempos de respuesta inmediatos, en cualquier parte del mundo.<\/p>\n<p style=\"text-align: justify;\"><div class=\"spacer\"><\/div><!-- .spacer (end) -->\n<p style=\"text-align: center;\"><a href=\"http:\/\/dnx.es\/dnx\/donde\/\" title=\"Seguir Leyendo\" class=\"btn btn-default btn-normal btn-inline \" target=\"_self\">Seguir Leyendo<\/a><!-- .btn -->\n<p>&nbsp;<\/p>\n<\/section><\/div>\n<\/div><!-- .row (end) -->\n<div class=\"row \">\n<div class=\"span4 \"><section class=\"lazy-load-box trigger effect-slideup \" data-delay=\"200\" data-speed=\"1200\" style=\"-webkit-transition: all 1200ms ease; -moz-transition: all 1200ms ease; -ms-transition: all 1200ms ease; -o-transition: all 1200ms ease; transition: all 1200ms ease;\">\n<h2 style=\"text-align: center;\"><span style=\"color: #1c9e16;\">\u00bfCON QU\u00c9?<\/span><\/h2>\n<h6><img loading=\"lazy\" decoding=\"async\" class=\"aligncenter size-full wp-image-3194\" src=\"http:\/\/dnx.es\/dnx\/wp-content\/uploads\/2016\/01\/Con-Que.jpg\" alt=\"\u00bfCon Qu\u00e9?\" width=\"370\" height=\"144\" srcset=\"https:\/\/dnx.es\/dnx\/wp-content\/uploads\/2016\/01\/Con-Que.jpg 370w, https:\/\/dnx.es\/dnx\/wp-content\/uploads\/2016\/01\/Con-Que-300x117.jpg 300w\" sizes=\"(max-width: 370px) 100vw, 370px\" \/><\/h6>\n<h4 style=\"text-align: center;\"><span style=\"color: #1c9e16;\">CON LAS TECNOLOG\u00cdAS M\u00c1S FIABLES, SEGURAS, POTENTES Y AVANZADAS<\/span><\/h4>\n<p style=\"text-align: justify;\">Y siempre por ese orden, es la experiencia.<\/p>\n<p style=\"text-align: justify;\">Tenemos acuerdos de colaboraci\u00f3n y distribuci\u00f3n con las empresas m\u00e1s importantes del sector, desde hace mucho tiempo. Esto\u00a0nos permite acceder a la informaci\u00f3n comercial y t\u00e9cnica de primera mano, con mucha agilidad, para ofrecerte las soluciones m\u00e1s adecuadas a tus necesidades, con todas las garant\u00edas.<\/p>\n<p style=\"text-align: justify;\">El objetivo\u00a0final de nuestro trabajo, es tu tranquilidad, lo m\u00e1s importante.<\/p>\n<div class=\"spacer\"><\/div><!-- .spacer (end) -->\n<p style=\"text-align: center;\"><a href=\"http:\/\/dnx.es\/dnx\/con-que\/\" title=\"Seguir Leyendo\" class=\"btn btn-default btn-normal btn-inline \" target=\"_self\">Seguir Leyendo<\/a><!-- .btn -->\n<\/section><\/div>\n<div class=\"span4 \"><section class=\"lazy-load-box trigger effect-slideup \" data-delay=\"1300\" data-speed=\"1200\" style=\"-webkit-transition: all 1200ms ease; -moz-transition: all 1200ms ease; -ms-transition: all 1200ms ease; -o-transition: all 1200ms ease; transition: all 1200ms ease;\">\n<h2 style=\"text-align: center;\"><span style=\"color: #1c9e16;\">\u00bfY POR CUANTO?<\/span><\/h2>\n<h6><img loading=\"lazy\" decoding=\"async\" class=\"aligncenter size-full wp-image-3191\" src=\"http:\/\/dnx.es\/dnx\/wp-content\/uploads\/2015\/11\/Cuanto.jpg\" alt=\"\u00bfY Por Cu\u00e1nto?\" width=\"370\" height=\"144\" srcset=\"https:\/\/dnx.es\/dnx\/wp-content\/uploads\/2015\/11\/Cuanto.jpg 370w, https:\/\/dnx.es\/dnx\/wp-content\/uploads\/2015\/11\/Cuanto-300x117.jpg 300w\" sizes=\"(max-width: 370px) 100vw, 370px\" \/><\/h6>\n<h4 style=\"text-align: center;\"><span style=\"color: #1c9e16;\">POR MUCHO MENOS DE LO QUE IMAGINAS<\/span><\/h4>\n<p style=\"text-align: justify;\">Haz un c\u00e1lculo mental:<\/p>\n<p style=\"text-align: justify;\">\u00bfCu\u00e1nto te costar\u00eda encontrar, contratar y mantener el personal, as\u00ed como toda la infraestructura necesaria, para disponer de un departamento de inform\u00e1tica en tu empresa, que te pueda prestar esta variedad de servicios, con experiencia, profesionalidad, calidad de servicio y en constante actualizaci\u00f3n?<\/p>\n<p style=\"text-align: justify;\">\u00bfY si s\u00f3lo lo pagas cuando lo utilizas?<\/p>\n<div class=\"spacer\"><\/div><!-- .spacer (end) --><div class=\"spacer\"><\/div><!-- .spacer (end) -->\n<p style=\"text-align: center;\"><a href=\"http:\/\/dnx.es\/dnx\/?p=2341\" title=\"Seguir Leyendo\" class=\"btn btn-default btn-normal btn-inline \" target=\"_self\">Seguir Leyendo<\/a><!-- .btn -->\n<\/section><\/div>\n<div class=\"span4 \"><section class=\"lazy-load-box trigger effect-slideup \" data-delay=\"2400\" data-speed=\"1200\" style=\"-webkit-transition: all 1200ms ease; -moz-transition: all 1200ms ease; -ms-transition: all 1200ms ease; -o-transition: all 1200ms ease; transition: all 1200ms ease;\">\n<h2 style=\"text-align: center;\"><span style=\"color: #1c9e16;\">\u00bfHABLAMOS?<\/span><\/h2>\n<h6><img loading=\"lazy\" decoding=\"async\" class=\"aligncenter size-full wp-image-3228\" src=\"http:\/\/dnx.es\/dnx\/wp-content\/uploads\/2016\/01\/Hablamos2.jpg\" alt=\"\u00bfHablamos?\" width=\"370\" height=\"144\" srcset=\"https:\/\/dnx.es\/dnx\/wp-content\/uploads\/2016\/01\/Hablamos2.jpg 370w, https:\/\/dnx.es\/dnx\/wp-content\/uploads\/2016\/01\/Hablamos2-300x117.jpg 300w\" sizes=\"(max-width: 370px) 100vw, 370px\" \/><\/h6>\n<h4 style=\"text-align: center;\"><span style=\"color: #1c9e16;\">CUANDO T\u00da QUIERAS<div class=\"spacer\"><\/div><!-- .spacer (end) --><\/span><\/h4>\n<p style=\"text-align: justify;\">Ya tienes una idea m\u00e1s precisa sobre nuestros valores, nuestra forma de trabajar y los servicios que ofrecemos.<\/p>\n<p style=\"text-align: justify;\">S\u00f3lo te queda evaluar como puedes utilizarlos para mejorar la agilidad, eficiencia y productividad de tu empresa, incrementando as\u00ed\u00a0su rentabilidad.<\/p>\n<p style=\"text-align: justify;\">Ponte\u00a0en contacto con nosotros, cuando t\u00fa quieras.<\/p>\n<div class=\"spacer\"><\/div><!-- .spacer (end) --><div class=\"spacer\"><\/div><!-- .spacer (end) --><div class=\"spacer\"><\/div><!-- .spacer (end) --><div class=\"spacer\"><\/div><!-- .spacer (end) --><div class=\"spacer\"><\/div><!-- .spacer (end) -->\n<p style=\"text-align: center;\"><a href=\"http:\/\/dnx.es\/dnx\/?p=2345\" title=\"Seguir Leyendo\" class=\"btn btn-default btn-normal btn-inline \" target=\"_self\">Seguir Leyendo<\/a><!-- .btn -->\n<p>&nbsp;<\/p>\n<\/section><\/div>\n<\/div><!-- .row (end) -->\n<p>&nbsp;<\/p>\n","protected":false},"excerpt":{"rendered":"<p>&nbsp;<\/p>\n","protected":false},"author":2,"featured_media":0,"parent":0,"menu_order":0,"comment_status":"closed","ping_status":"closed","template":"page-home.php","meta":{"footnotes":""},"_links":{"self":[{"href":"https:\/\/dnx.es\/dnx\/wp-json\/wp\/v2\/pages\/203"}],"collection":[{"href":"https:\/\/dnx.es\/dnx\/wp-json\/wp\/v2\/pages"}],"about":[{"href":"https:\/\/dnx.es\/dnx\/wp-json\/wp\/v2\/types\/page"}],"author":[{"embeddable":true,"href":"https:\/\/dnx.es\/dnx\/wp-json\/wp\/v2\/users\/2"}],"replies":[{"embeddable":true,"href":"https:\/\/dnx.es\/dnx\/wp-json\/wp\/v2\/comments?post=203"}],"version-history":[{"count":558,"href":"https:\/\/dnx.es\/dnx\/wp-json\/wp\/v2\/pages\/203\/revisions"}],"predecessor-version":[{"id":3265,"href":"https:\/\/dnx.es\/dnx\/wp-json\/wp\/v2\/pages\/203\/revisions\/3265"}],"wp:attachment":[{"href":"https:\/\/dnx.es\/dnx\/wp-json\/wp\/v2\/media?parent=203"}],"curies":[{"name":"wp","href":"https:\/\/api.w.org\/{rel}","templated":true}]}}